 = 207 - 95. Suppose -70 = -f + s. Calculate the greatest common factor of 26 and f.
26
Suppose -3*l + 3*f = -207, -l + 93 - 21 = -2*f. Let x be (-18)/8*(-22 + 10). Suppose -x*n - 165 = -28*n. Calculate the highest common factor of n and l.
33
Let p = 79 + -77. Let g be p*2 + 1*(-952)/(-7). Let v = g - 77. Calculate the highest common factor of v and 21.
21
Suppose -29*r + 19*r + 110 = 0. Let f be 104/(-286) - (-125)/r. Calculate the highest common divisor of f and 11.
11
Let z(o) = -8 + 2*o - 7 - o - 1. Let g be z(27). Let j = 0 - -11. Calculate the highest common divisor of g and j.
11
Let h be (36 + -18)*3/2. Calculate the highest common factor of 17469 and h.
27
Let b(i) = -i**3 - 19*i**2 - 21*i - 51. Let f be b(-18). Suppose 2*y = 4*z + 46, -3*y + 8 = -2*y + f*z. What is the greatest common factor of y and 1?
1
Suppose -50 = 2*o + 48. Let t = 88 + o. Suppose -4*d - 9 = 3*n - 108, t = 2*d + 5*n. Calculate the greatest common divisor of d and 18.
9
Suppose 2*d = 6*r + 11 + 55, -2*d + 4*r = -48. Calculate the highest common factor of d and 179.
1
Let b(o) = 22*o - 4. Let w be b(10). Let j be -2*8*(-39)/(-26)*-2. Calculate the greatest common factor of w and j.
24
Let t(h) = -105*h**3 - 2*h**2 - 21*h - 19. Let a be t(-1). What is the highest common divisor of 3060 and a?
15
Let r(h) = 26*h - 104. Let l(b) = -b. Let g(k) = 39*l(k) + r(k). Let j be g(-19). Calculate the highest common divisor of j and 13.
13
Let v = 81 + -246. Let p = v - -255. Calculate the highest common divisor of 30 and p.
30
Suppose 0 = 29*d - 31*d + 250. Let k = -149 + d. Let s be (-31 - k)*(-1 + -10). Calculate the greatest common factor of 22 and s.
11
Suppose 40*x - 42*x = 2*w - 178, -2*w + 3*x = -198. What is the highest common divisor of w and 2883?
93
Let g(k) = -k**2 + 18*k - 12. Let d be g(8). Let v = d + -40. Suppose -24 = -5*c + r + 10, 1 = r. What is the greatest common factor of v and c?
7
Let r = 491272 + -490656. Let z(g) = 87*g**3 + g**2 - g + 1. Let h be z(1). What is the greatest common factor of h and r?
88
Let d(o) = 6*o**2 + 10*o + 18. Let w be d(-4). Suppose 0 = 7*b - 2*b - c - 240, b - w = -5*c. What is the highest common factor of 7 and b?
7
Suppose 0 = -3*m + 4*m. Let v be m/(-1 - -1 - -2). Let n(f) = -2*f + 2. Let x be n(v). What is the greatest common divisor of x and 2?
2
Let n = 34234 - 5323. Calculate the greatest common divisor of 69 and n.
69
Let w(n) = -n**3 + 3*n**2 + 2*n + 10. Let s be w(0). Suppose -s*i + 466 = 126. Calculate the greatest common factor of i and 34.
34
Suppose -2*t + 3015 = 1015. Calculate the greatest common factor of t and 8.
8
Suppose 0 = h - 0*q - 2*q - 5, -q = 4. Let u be ((3 - 0) + -2)/(h/(-63)). Calculate the greatest common divisor of u and 336.
21
Let h be (-114)/((-15)/(-280)*-7). What is the highest common factor of 8 and h?
8
Let a = 247 + -233. Let z be 1447/7 + (3 - (-38)/(-14)). Let g = -95 + z. Calculate the highest common factor of a and g.
14
Let f = 96 + -84. Suppose f*d = 16*d - 12. Let j be (d/9)/(-3*2/(-90)). Calculate the highest common factor of 2 and j.
1
Let s(u) = 4*u**2 + 21*u + 4. Let b be s(-6). Calculate the greatest common divisor of b and 154.
22
Suppose 28765 = 51*d - 85577. What is the greatest common factor of d and 38?
38
Let w = -17515 + 27495. Calculate the greatest common divisor of w and 20.
20
Let q = -273 + 82. Let m = q - -240. Calculate the highest common factor of m and 441.
49
Suppose 10 = g - 4*h, 5*h - 4*h - 155 = -5*g. Suppose -45 = -2*f + 45. Calculate the highest common divisor of f and g.
15
Let g(t) = t**3 + 8*t**2 - 18*t + 20. Let u be g(-10). Suppose u = -9*a - 23 + 95. Suppose 16*h - 17*h = -2. Calculate the highest common divisor of a and h.
2
Let o be -5*2/(-50) - 644/(-5). Suppose -4*n + 249 - o = 0. What is the greatest common divisor of n and 6?
6
Let o(v) = 1411*v + 1418. Let b be o(-1). What is the greatest common divisor of 7217 and b?
7
Suppose 5*m = 5*k + 180, -2*m + 9*k - 11*k + 80 = 0. Calculate the greatest common factor of m and 6688.
38
Let j(d) = -1127*d + 77. Let h be j(-1). What is the greatest common factor of 28 and h?
28
Suppose -5554 = -11*p - 2012. Calculate the highest common factor of p and 14.
14
Let c be (3 + -2)/(2/28). Let v(i) = -2*i + 3 - c*i + 73*i. Let r be v(1). What is the highest common factor of 20 and r?
20
Let c = 4 - -48. Suppose -282*g + 31174 = -173*g. Calculate the highest common factor of g and c.
26
Let y be ((-1)/(-2))/((-1)/(-312)). Let w = y - 84. Suppose -5*u - 1123 + 1205 = 4*t, t + 3*u - 24 = 0. Calculate the greatest common factor of t and w.
18
Let q be (-1*18/15)/((-2)/(-10)). Let x be ((-2)/2)/((-3)/q*-2). Let t be 2/(-5) - (-5 - 2/5). Calculate the greatest common divisor of t and x.
1
Let a be 5/(-2)*(-1854)/45. Let j = 99 - a. Let n be 360/(0 + 3)*j/(-5). Calculate the highest common divisor of n and 6.
6
Suppose -10*a = 44 + 86. Let r be a/(-4)*-18*(-4)/3. Suppose u - 2*w = -w + 10, -4*u - 3*w + 61 = 0. What is the greatest common factor of r and u?
13
Let x(d) = -d**3 - 27*d**2 - 23*d + 66. Let y be x(-26). Let l be (-1)/(-6) + y/((-504)/11081). What is the greatest common divisor of l and 110?
22
Let j = -14 - -42. Suppose -8*n + 131 = 99. What is the greatest common factor of j and n?
4
Let u(g) = 2*g - 6. Let h be u(4). Let r be (h/4)/(2/60). Suppose -17*y = -98*w + 101*w + 212, -3*w = -3*y - 48. What is the greatest common divisor of w and r?
3
Suppose 52*y - 49*y = -3*p + 258, -2*y = 4*p - 350. Let l be 6*8/6 - 1. Suppose 0 = l*o - 16 - p. What is the greatest common divisor of o and 5?
5
Suppose 10*t - 106 = 184. Suppose 3*l - 42 + 4 = -4*v, t = 4*l + v. Calculate the highest common factor of 24 and l.
6
Let o be (-2)/(-8) + 8549/412. What is the greatest common factor of 672 and o?
21
Let q be ((-930)/(-75))/(3/(-15)). Let t = q + 232. Calculate the greatest common divisor of t and 20.
10
Suppose -o - 3 = -8. Suppose 0 = -21*i + 22*i - o. Suppose 3*f = 2*d - 13, -i*f + 18 = 2*d - 3. What is the highest common factor of 72 and d?
8
Let c be 569268/207 + (10/(-115) - 0). What is the highest common factor of 125 and c?
125
Let w = 35 + -21. Let b(c) be the second derivative of c**4/12 - 2*c**3 - 101*c**2/2 + 145*c. Let i be b(-6). Calculate the highest common factor of i and w.
7
Let h = 1630 + -1472. Calculate the greatest common factor of 395 and h.
79
Let h = 1390 - -5738. Calculate the highest common divisor of h and 220.
44
Let i be (-2 - -1)*(0 + -132). Let w be 7 - (-13)/((-117)/(-828)). What is the greatest common factor of w and i?
33
Let k(s) = s**2 - 17*s - 48. Let p be k(20). Let l be (18/(-24)*-10)/(p/16). Calculate the greatest common divisor of 70 and l.
10
Let g = 275 + -93. Suppose 24*y - g = 11*y. What is the highest common factor of 7 and y?
7
Let a be ((-2786)/21)/(-2 + (-12)/(-9)). Let p = a + 169. Calculate the greatest common divisor of p and 46.
46
Let m(d) = d**3 + 3*d**2 - 32*d - 94. Let h be m(-4). What is the greatest common divisor of h and 7146?
18
Let m be (113 - (-4 + -6))/(-4 + 13/3). Suppose 153 = 5*n - 52. Calculate the greatest common divisor of n and m.
41
Let w(y) = 24*y + 274. Let l be w(-11). Let h be 58/(-3)*(-3 + 0). Let d = h - l. What is the highest common divisor of 6 and d?
6
Let m(b) = b**2 - 5*b - 2. Let s be m(6). Suppose 0*l + s = 2*l. Let i be 1/(-9)*2 + ((-1038)/(-54) - 5). Calculate the greatest common factor of l and i.
2
Let x(f) = 65*f + 12663. Let b be x(-191). Suppose 1 = -3*d + 13. What is the highest common divisor of b and d?
4
Suppose 6*y + 532 = 44*y. Suppose 3*s = 3*q - y - 37, -4*s - 50 = -3*q. Calculate the highest common divisor of q and 171.
9
Suppose -4*h = -4*x + 19276, 19*x = 17*x + 4*h + 9638. Suppose 347 = -43*l + x. Calculate the greatest common divisor of l and 72.
8
Suppose w - 3 = 0, -1115 = -i + 5*w - 2*w. Let h be i/36 + -4 - 2/9. Suppose 0 = -4*k + h + 1. What is the greatest common divisor of k and 77?
7
Suppose 5*k + 87*i - 1705 = 92*i, k - 2*i - 334 = 0. Calculate the greatest common divisor of k and 66.
6
Let k be ((-44)/12 - -4)/(-1 - 2307/(-2304)). Calculate the greatest common factor of 272 and k.
16
Suppose -45 = -5*p + 3*a, 4*p = -5*a + 3*a + 58. Calculate the greatest common divisor of p and 3012.
12
Let s = 1